l*r - 57. Is y(r) a composite number?
True
Let w = 49757 + -34834. Is w prime?
True
Is 2/9 + 7566552/648 prime?
True
Is 11447646/120 + 6/(-120) prime?
False
Let b(w) = 2*w**3 - 12*w**2 - 3*w + 22. Suppose -4*d = 3*l - 11, -4*l - 39 = -7*l + 3*d. Is b(l) a prime number?
False
Let h(j) = j**2 + 10*j - 40. Let p be 2 - (-2 + 5 + 20). Is h(p) composite?
False
Suppose 4*d = 3*x - 81, -d + 0*x - 2*x = 12. Is (d/6)/(3/(-31)) a composite number?
False
Suppose -3*y + 69132 = y - 2*u, 3*u = -2*y + 34582. Is y a composite number?
True
Let o(a) = 14*a**2 + 5*a + 3. Let s(c) = -c**2 - c. Let u(l) = -o(l) - 5*s(l). Let k be u(-5). Is (-1)/1*k/12 a prime number?
True
Let j(v) = 18*v**3 - 18*v**2 - 2*v + 9. Is j(5) prime?
False
Let k = 16924 - 9171. Is k a prime number?
True
Suppose -25*v - 9335 = -26*v. Is v a composite number?
True
Suppose 3*u - f = -3*f - 527, 3*u + 520 = 5*f. Let z be 1*-7*2*43. Let y = u - z. Is y a composite number?
True
Is (88519/2)/(-17)*(-3 + 1) prime?
False
Suppose 12*w = 16*w - 1588. Suppose 0 = 5*i + v - 15, 5*i + 3*v - 6 = -1. Suppose -i*n + w = 113. Is n prime?
True
Let t = 1064 + 733. Is t a prime number?
False
Let u(j) = -6*j**2 - 6*j + 9. Let n(s) = -5*s**2 - 6*s + 8. Let a(d) = 7*n(d) - 6*u(d). Let z be a(5). Let f(r) = -194*r + 1. Is f(z) a composite number?
True
Let o be (-11445)/9 + (-1)/3. Let b = o + 2179. Is b prime?
True
Suppose -3*d + 4*c = -107, 4*c - 157 = -5*d - 0*d. Let a = d - 38. Let u(n) = -2*n**3 - 8*n**2 - 9*n - 6. Is u(a) a prime number?
True
Let l be 1 + 0 + 22/2. Suppose 313 = m + l. Is m a composite number?
True
Let s = 611 + -2703. Is 42/(-63) - (s/6 + 1) a prime number?
True
Let f = -738 - -491. Let c be (0 - f/(-2))*-2. Suppose 5 = -h + 3, -n + c = 5*h. Is n composite?
False
Let y(m) = 4*m**3 - 14*m**2 - 25*m + 4. Is y(15) composite?
True
Let j = -45484 + 81671. Is j composite?
False
Is ((-4)/(-10))/(-9*(-18)/36045) composite?
False
Let d(r) = -24 + 25 - r + 1518*r**3 - 265*r**3 + 2*r - 2*r**2. Is d(1) prime?
False
Let b(p) = -3343*p - 804. Is b(-7) composite?
True
Let s(b) = b**3 - 17*b**2 + 22*b + 1. Let l(v) = -3*v**3 + 50*v**2 - 65*v - 3. Let g(d) = -6*l(d) - 17*s(d). Is g(15) a prime number?
False
Suppose 3*x - x = 5*w + 68, -4*w + 3*x - 60 = 0. Let y(v) = -5*v + 4. Let m be y(w). Is m + -3 + -2 + 3 a prime number?
False
Suppose 2*i + 7*r = 2*r + 107012, 0 = 2*i + r - 107004. Is i composite?
True
Let t(c) = 690*c - 11. Is t(2) composite?
True
Is 6502/3*24/80*5 composite?
False
Suppose -h + 4*h = -9, 3*z - 7770 = 2*h. Suppose -5*k + 4*x = -3253, 0*k - 4*x + z = 4*k. Is k a prime number?
False
Suppose 2*m - 2 = -3*t, 2*t = -0*t. Is m/(-4)*0 + 149 a prime number?
True
Suppose 4*l - 102100 = 4*f, -9 = 5*f + 1. Is l a prime number?
True
Let n(q) = 5*q - 709. Let v be n(0). Let k = v + 1796. Is k composite?
False
Let s(y) = 721*y**3 - y**2 + 1. Let g(w) = w**3 - 5*w**2 - w + 6. Let m be g(5). Is s(m) composite?
True
Let z = 166 - 57. Suppose 4*f + 17 = z. Is f composite?
False
Let y(u) = u**2 + 2*u - 108. Let f be y(0). Let k = -42 - f. Let o = k - 4. Is o a prime number?
False
Suppose 20 = -4*q - 5*t + 47, -2*q + 5*t - 9 = 0. Let s(i) = -143*i. Let z be s(-3). Suppose -2*b - 15 + z = -4*m, 4*m + 625 = q*b. Is b composite?
False
Suppose 0 = q - 2*q + 34. Suppose -2*a + q = -4*a. Let c = a + 56. Is c a composite number?
True
Let z(v) be the third derivative of v**7/1260 + 11*v**6/720 + v**5/60 + 5*v**2. Let y(n) be the third derivative of z(n). Is y(12) prime?
True
Suppose -6973 = -5*y - 3*d, 4195 = 3*y - 2*d + d. Is y prime?
False
Let f = 13830 + -9171. Is f composite?
True
Let b = 13577 - 4624. Is b prime?
False
Suppose 0 = 3*v - q + 10, -4*q = -4*v - 0*q - 8. Is (-1 - v)*4/12 - -1654 composite?
True
Let z = 29 - 21. Suppose n = 3*b - 2*b - 151, 0 = 4*b - z. Let t = n + 243. Is t a composite number?
True
Let o(b) = -6*b - 4 + 2*b**2 - b - 7 + 2*b**3. Is o(6) prime?
False
Let a(t) = -1 + 2*t**3 + 5*t**2 - 13*t**2 + 2*t + 0*t. Is a(7) composite?
False
Is 1066 - 6*7/(-14) composite?
False
Let o(s) = 72*s + 3. Let x be o(5). Suppose -x = -5*h + 192. Is h prime?
False
Let b(q) = -38*q - 2. Let c be b(3). Let n = 637 + c. Is n prime?
True
Is ((-136)/(-8))/17 - 2*-4424 a composite number?
False
Let c(r) be the second derivative of r**5/20 + 5*r**4/12 + r**3 + 3*r**2 + 7*r. Let v be c(-3). Is (114/(-15))/(v/(-15)) a composite number?
False
Let p(v) = -56*v - 9. Let k be p(-2). Let s = k + 100. Is s composite?
True
Let w = 1885 - 1094. Is w prime?
False
Let b(q) = 8*q + 60. Let m be b(-6). Suppose 19*t - m*t = 20531. Is t a composite number?
True
Suppose -32*b + 157387 = -b. Is b composite?
False
Suppose 0 = -8*q + 12*q. Suppose 5*n + 4*m + q*m = 45, -4*n + 40 = 4*m. Suppose -n*s = -1618 - 2827. Is s composite?
True
Let c be 4 + 14962/(-14) - 4/14. Let s = 1864 + c. Is s prime?
False
Let z(h) = 189*h + 6. Let t(o) = -1. Let y(x) = -4*t(x) + z(x). Is y(1) composite?
False
Let i(s) = s**2 + 3*s - 5. Let r be i(-6). Suppose 2*h + 3 + 7 = -4*c, -c = 2*h + r. Is 2/2 - 4942/h a composite number?
True
Let d(n) = -n**3 - 10*n**2 + 3*n - 4. Let m = -3 - 8. Let y be d(m). Is ((-3)/(-3) + y)*1 a composite number?
True
Let i(n) = n**2 - 2*n - 4. Let a be i(6). Let z = a - 20. Suppose -4*k + 5*h = -z*h - 1324, k = 4*h + 331. Is k composite?
False
Suppose 4*d + 68 = -6*k + 2*k, 5*k + 61 = -3*d. Let c be (-189)/d*(-16)/6. Let o = -9 - c. Is o a prime number?
False
Suppose 0*i - 4*i - 3*b = 1377, -2*b - 348 = i. Let f = i + 663. Is f composite?
True
Suppose -2*l - 4*b = 22 - 88, l - 5*b - 33 = 0. Let u = l - 8. Suppose -v - u = -2*v. Is v prime?
False
Is (-10887)/(-6)*18/9 a composite number?
True
Suppose 2*y = -2*v + y + 2, 4*v = -5*y + 10. Let f(i) = v*i**2 + i - 1 + 5 + i**2. Is f(0) a composite number?
True
Let d(a) = -a**3 - 11*a**2 + 13*a + 10. Let p be d(-12). Is p/(-11) + 12030/22 a prime number?
True
Is (5/10)/(3 + (-20175)/6726) a composite number?
True
Let j(v) = 54*v**2 + 112*v + 9. Is j(5) prime?
False
Let l be -23 - (-4)/((-8)/(-2)). Let s be 14118/33 + (-4)/l. Let o = s - 219. Is o a composite number?
True
Let i = -25 - -28. Suppose -u = 3*r - 157, -51 = -i*r + 2*u + 94. Is r a composite number?
True
Suppose -18*j - 157 = -17*j. Let y = 244 + j. Is y prime?
False
Let c be ((-4)/(-10))/((-1)/(-11670)). Suppose 2*r - 6*r + c = 4*f, 5811 = 5*r - f. Is r prime?
True
Let k(c) = -9*c**3 - 2*c**2 - 2*c + 3. Let j be k(2). Let a = j - -238. Suppose -3*p = 5*m - a, p - m = 2*m + 71. Is p composite?
False
Suppose -4*b = -4*z + 17112, z + z + 2*b = 8568. Suppose -2*i = g - 2229, 5*g = 4*i - z - 184. Is i a prime number?
False
Suppose 51 = -o - 6. Let i be 707/8 - o/(-152). Is 11192/i - (-2)/(-11) prime?
True
Suppose -145 = n - 8. Let i = 33 + n. Let v = 2 - i. Is v composite?
True
Let w(i) = i**3 + 53*i**2 + 23*i + 89. Is w(-42) a composite number?
True
Let o(m) be the first derivative of -14*m - 45/2*m**2 - 1. Is o(-7) composite?
True
Let h(l) = -3550*l + 55. Is h(-4) prime?
False
Is (-7474)/(-4)*(3 + -1) prime?
False
Is (14014/(-4) - 1)*-4 - -1 composite?
True
Let q(n) = 2*n**3 - n. Suppose -4*h + 1 + 3 = 0. Let w be q(h). Suppose -3*x = 4*d - 27, -5*x + 49 = 5*d - w. Is x composite?
False
Suppose 0 = 3*q + 2*q - 10. Let r(m) = -49*m**2 - q*m + 44*m**2 - 5 + 2*m**3 - 3*m. Is r(5) composite?
True
Let h be (((-6130)/30)/((-1)/6))/1. Suppose a = -249 + h. Is a a composite number?
False
Let t = -1889 + 7840. Is t a prime number?
False
Let n(q) = 322*q - 3. Suppose -5*z + 6 = -4*x - 6, 2*x = z. Is n(x) a composite number?
False
Is (-3)/18 + -2*33515/(-60) prime?
True
Suppose 3*c - 4170 = -2*c. Suppose -4*w = -5*s - 0*s + 18, -4*s + 2*w + 12 = 0. Suppose t + s = 0, 0*d + c = 4*d + 5*t. Is d a composite number?
False
Let x = 38 + -36. Suppose -2*p - b + 400 = 0, 0*p - x*b = 2*p - 402. Is p composite?
False
Let p = 9845 + -1858. Suppose p = 2*g + 5*g. Is g prime?
False
Suppose 7 - 2 = x, 2*x = m - 1514. Suppose 0*w = -12*w + m. Is w prime?
True
Let k = -121 + 10738. Is k prime?
False
Is -2*(-3 + 12296/(-16)) composite?
False
Let r = 897 - 508. Is r composite?
False
Suppose -11*i - 9448 = -7*i. Let g = -541 - i. Is g a composite number?
True
Let s be (-3)/2 + 1146/12. Let i(g) = -g**3 + 5*g**2 + g - 5. Let d be i(5). Suppos